{"id":42,"date":"2020-05-19T07:59:58","date_gmt":"2020-05-19T07:59:58","guid":{"rendered":"http:\/\/www.kuebler-heavy-rail.com\/?page_id=42"},"modified":"2024-10-15T15:25:42","modified_gmt":"2024-10-15T15:25:42","slug":"impressum","status":"publish","type":"page","link":"https:\/\/www.kuebler-heavy-rail.com\/?page_id=42","title":{"rendered":"Impressum"},"content":{"rendered":"\n<figure class=\"wp-block-image aligncenter size-large\"><img loading=\"lazy\" decoding=\"async\" width=\"1024\" height=\"163\" src=\"https:\/\/www.kuebler-heavy-rail.com\/wp-content\/uploads\/2024\/10\/Titel-00-Startseite-1-1024x163.jpg\" alt=\"\" class=\"wp-image-1301\" srcset=\"https:\/\/www.kuebler-heavy-rail.com\/wp-content\/uploads\/2024\/10\/Titel-00-Startseite-1-1024x163.jpg 1024w, https:\/\/www.kuebler-heavy-rail.com\/wp-content\/uploads\/2024\/10\/Titel-00-Startseite-1-300x48.jpg 300w, https:\/\/www.kuebler-heavy-rail.com\/wp-content\/uploads\/2024\/10\/Titel-00-Startseite-1-768x123.jpg 768w, https:\/\/www.kuebler-heavy-rail.com\/wp-content\/uploads\/2024\/10\/Titel-00-Startseite-1-1536x245.jpg 1536w, https:\/\/www.kuebler-heavy-rail.com\/wp-content\/uploads\/2024\/10\/Titel-00-Startseite-1-2048x327.jpg 2048w\" sizes=\"(max-width: 1024px) 100vw, 1024px\" \/><\/figure>\n\n\n\n<p><strong>K\u00fcbler Heavy Rail GmbH<\/strong><\/p>\n\n\n\n<p>Karl-K\u00fcbler-Stra\u00dfe 1<\/p>\n\n\n\n<p>D-74545 Michelfeld-Erlin<\/p>\n\n\n\n<p>Tel: &nbsp;&nbsp;&nbsp;&nbsp; +49 7142 35 92 96-0<\/p>\n\n\n\n<p><a href=\"https:\/\/www.kuebler-heavy-rail.com\/\">www.kuebler-heavy-rail.com<\/a><\/p>\n\n\n\n<p><strong>Amtsgericht Stuttgart \/ HRB 769923 \/ UST-IdNr.: DE325245584 \/ Gesch\u00e4ftsf\u00fchrer: Heinz R\u00f6\u00dfler und Dan Radloff<\/strong><\/p>\n\n\n\n<p class=\"has-small-font-size\">Soweit nicht zwingende gesetzliche Bestimmungen entgegenstehen, arbeiten wir ausschlie\u00dflich aufgrund der Allgemeinen Deutschen Spediteurbedingungen (<strong>ADSp<\/strong>) in der jeweils neuesten Fassung.<br>Soweit die ADSp&nbsp; gem\u00e4\u00df&nbsp; Ziffer 2.3 \u2013 3. Spiegelstrich \u2013 keine Anwendung finden, gelten erg\u00e4nzend die Allgemeinen Gesch\u00e4ftsbedingungen der Bundesfachgruppe Schwertransporte und Kranarbeiten (<strong>BSK<\/strong>) in der jeweils geltenden Fassung.<br>Bei Lagergesch\u00e4ften werden abweichend von den Ziffern&nbsp; 24.1.1 und 24.1.2 der ADSp die Haftungsbegrenzungen auf 8,33 SZR f\u00fcr jedes Kilogramm des Rohgewichts der Sendung, h\u00f6chstens 50.000 EUR je Schadenfall angehoben.<br>Wir sind im Besitz der jeweils erforderlichen Verkehrshaftungspolicen. Alle Lade- und Entladetermine sind soweit nicht ausdr\u00fccklich besonders best\u00e4tigt ca. Termine. Immer vorbehaltlich eines reibungslosen und normalen Transportverlaufs.<\/p>\n\n\n\n<h2 class=\"wp-block-heading has-medium-font-size\">Allgemeine Leistungsbedingungen der K\u00fcbler Heavy Rail GmbH<\/h2>\n\n\n\n<div class=\"wp-block-file\"><a href=\"https:\/\/www.kuebler-heavy-rail.com\/wp-content\/uploads\/2022\/12\/Allgemeine-Leistungsbedingungen-KHR-20220701.pdf\">Allgemeine-Leistungsbedingungen-KHR-20220701<\/a><a href=\"https:\/\/www.kuebler-heavy-rail.com\/wp-content\/uploads\/2022\/12\/Allgemeine-Leistungsbedingungen-KHR-20220701.pdf\" class=\"wp-block-file__button wp-element-button\" download>Herunterladen<\/a><\/div>\n\n\n\n<p>Bildnachweise: Michael Basler, Eisenbahnfotografie NW, Thomas Gries, Maik Kopke, Lennart K\u00f6der, Andr\u00e9 Krause, Patrick Schmidt<\/p>\n\n\n\n<p><\/p>\n","protected":false},"excerpt":{"rendered":"<p>K\u00fcbler Heavy Rail GmbH Karl-K\u00fcbler-Stra\u00dfe 1 D-74545 Michelfeld-Erlin Tel: &nbsp;&nbsp;&nbsp;&nbsp; +49 7142 35 92 96-0 www.kuebler-heavy-rail.com Amtsgericht Stuttgart \/ HRB 769923 \/ UST-IdNr.: DE325245584 \/ [&hellip;]<\/p>\n","protected":false},"author":3,"featured_media":0,"parent":0,"menu_order":0,"comment_status":"closed","ping_status":"closed","template":"","meta":{"_uag_custom_page_level_css":"","site-sidebar-layout":"default","site-content-layout":"default","ast-site-content-layout":"default","site-content-style":"default","site-sidebar-style":"default","ast-global-header-display":"","ast-banner-title-visibility":"","ast-main-header-display":"","ast-hfb-above-header-display":"","ast-hfb-below-header-display":"","ast-hfb-mobile-header-display":"","site-post-title":"","ast-breadcrumbs-content":"","ast-featured-img":"","footer-sml-layout":"","theme-transparent-header-meta":"default","adv-header-id-meta":"","stick-header-meta":"default","header-above-stick-meta":"","header-main-stick-meta":"","header-below-stick-meta":"","astra-migrate-meta-layouts":"set","ast-page-background-enabled":"default","ast-page-background-meta":{"desktop":{"background-color":"var(--ast-global-color-4)","background-image":"","background-repeat":"repeat","background-position":"center center","background-size":"auto","background-attachment":"scroll","background-type":"","background-media":"","overlay-type":"","overlay-color":"","overlay-opacity":"","overlay-gradient":""},"tablet":{"background-color":"","background-image":"","background-repeat":"repeat","background-position":"center center","background-size":"auto","background-attachment":"scroll","background-type":"","background-media":"","overlay-type":"","overlay-color":"","overlay-opacity":"","overlay-gradient":""},"mobile":{"background-color":"","background-image":"","background-repeat":"repeat","background-position":"center center","background-size":"auto","background-attachment":"scroll","background-type":"","background-media":"","overlay-type":"","overlay-color":"","overlay-opacity":"","overlay-gradient":""}},"ast-content-background-meta":{"desktop":{"background-color":"var(--ast-global-color-5)","background-image":"","background-repeat":"repeat","background-position":"center center","background-size":"auto","background-attachment":"scroll","background-type":"","background-media":"","overlay-type":"","overlay-color":"","overlay-opacity":"","overlay-gradient":""},"tablet":{"background-color":"var(--ast-global-color-5)","background-image":"","background-repeat":"repeat","background-position":"center center","background-size":"auto","background-attachment":"scroll","background-type":"","background-media":"","overlay-type":"","overlay-color":"","overlay-opacity":"","overlay-gradient":""},"mobile":{"background-color":"var(--ast-global-color-5)","background-image":"","background-repeat":"repeat","background-position":"center center","background-size":"auto","background-attachment":"scroll","background-type":"","background-media":"","overlay-type":"","overlay-color":"","overlay-opacity":"","overlay-gradient":""}},"footnotes":""},"class_list":["post-42","page","type-page","status-publish","hentry"],"uagb_featured_image_src":{"full":false,"thumbnail":false,"medium":false,"medium_large":false,"large":false,"1536x1536":false,"2048x2048":false},"uagb_author_info":{"display_name":"Thorge Clever","author_link":"https:\/\/www.kuebler-heavy-rail.com\/?author=3"},"uagb_comment_info":0,"uagb_excerpt":"K\u00fcbler Heavy Rail GmbH Karl-K\u00fcbler-Stra\u00dfe 1 D-74545 Michelfeld-Erlin Tel: &nbsp;&nbsp;&nbsp;&nbsp; +49 7142 35 92 96-0 www.kuebler-heavy-rail.com Amtsgericht Stuttgart \/ HRB 769923 \/ UST-IdNr.: DE325245584 \/ [&hellip;]","_links":{"self":[{"href":"https:\/\/www.kuebler-heavy-rail.com\/index.php?rest_route=\/wp\/v2\/pages\/42"}],"collection":[{"href":"https:\/\/www.kuebler-heavy-rail.com\/index.php?rest_route=\/wp\/v2\/pages"}],"about":[{"href":"https:\/\/www.kuebler-heavy-rail.com\/index.php?rest_route=\/wp\/v2\/types\/page"}],"author":[{"embeddable":true,"href":"https:\/\/www.kuebler-heavy-rail.com\/index.php?rest_route=\/wp\/v2\/users\/3"}],"replies":[{"embeddable":true,"href":"https:\/\/www.kuebler-heavy-rail.com\/index.php?rest_route=%2Fwp%2Fv2%2Fcomments&post=42"}],"version-history":[{"count":8,"href":"https:\/\/www.kuebler-heavy-rail.com\/index.php?rest_route=\/wp\/v2\/pages\/42\/revisions"}],"predecessor-version":[{"id":1303,"href":"https:\/\/www.kuebler-heavy-rail.com\/index.php?rest_route=\/wp\/v2\/pages\/42\/revisions\/1303"}],"wp:attachment":[{"href":"https:\/\/www.kuebler-heavy-rail.com\/index.php?rest_route=%2Fwp%2Fv2%2Fmedia&parent=42"}],"curies":[{"name":"wp","href":"https:\/\/api.w.org\/{rel}","templated":true}]}}